et h = 32 + c. What is the tens digit of h?
5
Suppose 3*d + 149 = -z - 73, 2*d + 2 = 0. Let g = 93 - z. What is the tens digit of g?
1
Suppose 2*p + 3495 = g, -10494 = -29*g + 26*g + 3*p. What is the hundreds digit of g?
5
Let d(s) = 7566*s**3 + s**2 - 21*s + 33. What is the tens digit of d(2)?
2
Let d = 19191 + -13172. What is the thousands digit of d?
6
Let f(s) = s**2 - 8*s + 3. Let h be f(7). What is the tens digit of h - (1590/(-9) - 10/(-15))?
7
Let z = -12 + 15. Suppose 2*c - 4*c - z*t = -56, -166 = -5*c - t. Suppose d = c + 84. What is the hundreds digit of d?
1
Let w(v) = 332*v - v**3 + 4*v**3 - 334*v - 2*v**3 - 5*v**2 + 7. Let r be w(5). What is the tens digit of r/((-9)/(-69))*(-8)/2?
9
Let g(a) = -18486*a - 150. What is the units digit of g(-1)?
6
Suppose 5*z - j = 164163, -3*j - 23 = -29. What is the units digit of z?
3
Let n(c) = c**3 + 113*c**2 + 117*c + 163. What is the ten thousands digit of n(-108)?
4
Let r(v) = -4954*v**3 + 7*v**2 + 10*v + 2. What is the tens digit of r(-1)?
5
Let b(x) be the second derivative of -x**3/6 + 5*x**2 + 1045*x. Suppose 6 + 10 = -2*p. What is the tens digit of b(p)?
1
Let g(u) = -u**3 - 18*u**2 + 29*u + 55. Let d = 463 - 485. What is the tens digit of g(d)?
5
Let d(v) = v**3 + 27*v**2 - 26*v + 61. Let r be d(-28). What is the tens digit of 5 + r/(20/3488)?
7
Suppose -3*v + 6 = -3*x, 7*v - 22 = 2*v + x. Suppose g = 5*u - 729, -7*u + 2*u + 2*g + 728 = 0. Suppose 0 = f - u + v. What is the tens digit of f?
4
Let v = -22 + 117. Let o = -92 + v. Suppose -5*q = -i - 853, q + o*i - 841 = -4*q. What is the hundreds digit of q?
1
Let a = -3623 + 7549. Suppose -10*p + a + 3984 = 0. What is the tens digit of p?
9
Let s = -260 - -264. Suppose o + 1368 = -2*l + s*l, -5*o = 0. What is the tens digit of l?
8
Let n(l) = -285*l + 281. What is the hundreds digit of n(-20)?
9
Let p(q) = -130*q + 102. Let h be p(-13). What is the units digit of ((-29)/(-2) + 2)*h/84?
2
What is the units digit of 50/(-35)*-2*(1654*-28)/(-8)?
0
Suppose 0 = -2*x + 14*x - 756. Let n = x + 140. What is the hundreds digit of n?
2
Suppose 21 = q + 90. Let r = -69 - q. Suppose r = 5*y - 283 - 197. What is the units digit of y?
6
Suppose -1426364 = -130*d + 664686. What is the thousands digit of d?
6
Suppose 2 = 4*t - 2, 0 = 2*k - t - 727. Suppose 4*h - 2016 - k = 0. What is the units digit of h?
5
Let w(q) = q**2 + 3*q + 4. Let n = -16 - -13. Let s be w(n). Suppose s*v - 98 = -2*x, -x = v - 4*x - 42. What is the units digit of v?
7
Let v be 11 + (-3)/(-9)*12. Suppose -v - 211 = -d. What is the units digit of d?
6
Let j(t) = 25*t**3 - 1. Let x be j(1). Suppose -x*p = -28*p + 8. Suppose -p*b = -8*b + 648. What is the units digit of b?
8
Let o be (6 + (-3)/6 + -5)*34. Suppose o*u - 618 = 4975. What is the hundreds digit of u?
3
Let n = 190 - -5. Suppose -4*q = -5*p + n, 6*p - 90 = 3*p - 3*q. Suppose j + p = 124. What is the tens digit of j?
8
Let z(i) = -28*i**2 - 1759*i + 70. What is the thousands digit of z(-46)?
1
Suppose -22*d - 2*d - 2350623 = -187*d. What is the thousands digit of d?
4
Suppose -124*t - 8382 = -126*t - 5*s, t - 5*s = 4146. What is the hundreds digit of t?
1
Suppose 3*v + 5 - 20 = 0, -2*a - 5*v + 545 = 0. What is the units digit of 3*a/39*(-54)/(-4)?
0
Suppose 24*m - 193059 = -12219. What is the units digit of m?
5
What is the hundreds digit of (715923/(-783))/(1/(-3))?
7
Suppose -9*l + 138 = 37*l. What is the units digit of l/21 - 25522/(-49)?
1
Let k(n) = -3*n**2 + 49*n - 16. Let x be k(16). Suppose -m + 9*b + 739 = 4*b, x = 3*b. What is the units digit of m?
9
Suppose -56*v + 3298050 = 19*v. What is the hundreds digit of v?
9
Let o(b) = b**2 + b + 18. Let r be -74 - -1*2/((-2)/1). Let a = -83 - r. What is the units digit of o(a)?
4
Suppose -3*i + 759 = -f + 99, f = 4*i - 879. Let d = -197 + i. What is the units digit of d?
2
Let m = 28 - 110. Let a = m - -85. Suppose l + 3*c - 105 = -2*l, 2*l - 60 = a*c. What is the tens digit of l?
3
Let m(r) = 8*r + 3. Let s be 18/(-9) + 1*4. Suppose -3*x = -2*o - 37, -s*x + 63 = 3*x - 3*o. What is the units digit of m(x)?
3
Let r(p) = 4*p**3 + 11 + 11 - 2*p**3 - 5*p**2 + 2*p - 18*p. What is the hundreds digit of r(7)?
3
Suppose 0 = 3*s + u - 6032, -4*s + 2667 + 5389 = -2*u. Let y = 3034 - s. What is the units digit of y?
2
Suppose -8 - 4 = 4*g - 3*c, 0 = 4*g + 2*c - 8. Suppose 5*o + 583 = 10*o - 4*z, g = 4*z + 8. What is the tens digit of o?
1
Let k = 36966 + 50. What is the thousands digit of k?
7
Let d(y) = -191*y - 2394. What is the hundreds digit of d(-42)?
6
Let l(v) be the second derivative of -v**5/5 + v**4/3 - v**3/2 - 3*v**2 + 8*v - 1. What is the hundreds digit of l(-6)?
0
Let z be (-14)/((-1)/10 + 88/80). Let b(w) = 5*w**3 + w**2 + w + 3. Let c be b(4). What is the tens digit of (-1*4)/(z/c)?
9
Suppose 5*a = -0*a + 15. Suppose 5*t = n + 2192, -4*t - a*n - 196 = -1942. Suppose 6*o + 174 = t. What is the tens digit of o?
4
Suppose 38*x - 1908432 = -31*x - 3*x. What is the thousands digit of x?
6
Let f(c) be the first derivative of 5*c**3 - 13*c**2/2 - 70*c - 126. What is the hundreds digit of f(-7)?
7
Suppose -58 + 52 = -q. Suppose -3*p + 3 = -q, -599 = -h - 3*p. What is the hundreds digit of h?
5
Suppose -25*y + 598 = -26*y. What is the hundreds digit of 77/231 + y/(-6)?
1
Let v be 8 + (-6 - -4) - 6. What is the hundreds digit of -1 - v/3 - -110?
1
Let p(m) = -15*m**3 - 18*m**2 + 12*m + 163. What is the ten thousands digit of p(-10)?
1
Suppose 3*j - 2*j + 2*z = 17, 5*j - 94 = -z. Let l be -2*(0 - 1 - 0/j). What is the tens digit of (153 + -4)/(2/l)?
4
Suppose 21956 = 4*p + 2*k + 3*k, -5*p + 27466 = k. What is the tens digit of p?
9
Let x(q) = q**2 + 2*q - 25. Let o be x(4). What is the units digit of (3/9)/(o/(-606))?
2
Let i = 2617 + 3603. What is the tens digit of i?
2
Let i(p) = -620*p + p**2 + 29 + 647*p + 209. What is the units digit of i(-35)?
8
Let x(y) = 190*y + 544. What is the tens digit of x(36)?
8
What is the units digit of (-3045552)/(-216) + -4 + 14 + 4/18?
0
Suppose -4*g - 6 + 6 = 0. Suppose -12*v + 10*v - 4 = g. Let x(a) = -39*a - 1. What is the units digit of x(v)?
7
Suppose 32*z + 4*h + 227235 = 37*z, -5*h - 25 = 0. What is the units digit of z?
3
Suppose -8*d + 6*d + 6 = 0. Suppose 4*x + 98 = 2*c - 280, d*c - 3*x = 567. What is the tens digit of c?
8
Suppose -l + 141 = 113. Suppose 0 = -5*k + l + 1172. What is the hundreds digit of k?
2
Let x = 9872 - 1634. What is the units digit of x?
8
What is the units digit of ((-58342)/(-6) + 3)/(78/117)?
0
Suppose 142*g - 1034487 = -181209. What is the units digit of g?
9
Suppose 0 = 5*s - 9 - 81. Suppose 6 = s*z - 16*z. Suppose 2*m - z = 23. What is the tens digit of m?
1
What is the units digit of 3503 - 56/(11 + -19)?
0
What is the tens digit of 72/45*89675/10?
4
Let t(v) be the second derivative of 7*v**5/120 - v**4/6 - 2*v**3 + 18*v. Let l(u) be the second derivative of t(u). What is the units digit of l(8)?
2
Let t(l) = 2*l**2 - 2*l + 24. Let h be t(-7). Let a = -51 + h. What is the tens digit of a?
8
What is the thousands digit of (-8)/12*(41530/(-6) + 4/6)?
4
Let q = 101721 - 70251. What is the tens digit of q?
7
Let z = -10915 + 18378. What is the hundreds digit of z?
4
Suppose 7*h + 282 = 702. What is the tens digit of (h/9 + -5)*717?
9
Let y(f) = 4*f**2 - 98*f - 1. What is the tens digit of y(-38)?
9
What is the thousands digit of -251 + 242 + (1 - -7961)?
7
Suppose -10*y + 24*y - 4326 = 0. Suppose 2*d = 5*a + y, -389 - 262 = -4*d - a. What is the units digit of d?
2
Let j = -102 + 97. What is the tens digit of (-2160)/162*24/j?
6
Let g be (-2532)/10*185/(-111). What is the thousands digit of (-11)/(-3)*(g + -26)?
1
Suppose -45*r + 23*r - 199185 + 475945 = 0. What is the units digit of r?
0
Let a(z) be the third derivative of z**5/60 + 3*z**4/8 + 2*z**3/3 + 27*z**2. Let h be a(7). Let w = h - 39. What is the units digit of w?
7
Suppose 0 = 4*g + 3 - 11. Suppose -d + 3493 = 5*w, -g*w + d = -d - 1402. What is the units digit of w?
9
Suppose -37092 = -8*m + 20764. Suppose 4*f = 4*d + m, 0 = -5*f + 2*f - 3*d + 5424. What is the hundreds digit of f?
8
What is the thousands digit of (-6)/8 + ((-165560)/(-32) - 3)?
5
Suppose 2*z = -5*b + 2620, 4*z - z + 507 = b. Let v = b + -326. What is the units digit of 